Let v be f(-14). Suppose 5*p + v + 20 = 0. What are the prime factors of 6/p*(-948)/9?
2, 79
Let p(z) be the second derivative of 15*z**3 + 19*z + 0 - 1/2*z**2. What are the prime factors of p(1)?
89
Let c be 3 + -50*186/12. Let d = c + 1238. What are the prime factors of d?
2, 233
Let r = -33 - -53. Let d(c) be the third derivative of c**6/120 - 7*c**5/20 + 9*c**4/8 - 5*c**3 + 36*c**2. What are the prime factors of d(r)?
2, 5, 11
Let c = -7697 - -12769. List the prime factors of c.
2, 317
Suppose 0 = -13*u + 27*u - 13370. Suppose -2865 = -3*p + 4*q, 33*p - 3*q + u = 34*p. List the prime factors of p.
5, 191
Let n = 25711 + -11023. What are the prime factors of n?
2, 3, 17
Let t(j) = j**3 - j + 2. Let d(p) = -p**3 + 11*p**2 - 7*p + 45. Let l(u) = -d(u) - 2*t(u). List the prime factors of l(-15).
2, 179
Let m = -161 - -147. Let x(l) = -26*l - 33. List the prime factors of x(m).
331
Suppose -4*q + 134 - 4746 = -2*g, 2312 = -2*q - 2*g. Let b = q - -1710. List the prime factors of b.
2, 139
Suppose d - 32642 = -4*v, -v + 3442*d = 3437*d - 8171. What are the prime factors of v?
8161
Let b(n) = -4 - 19*n + 17 - 58*n - 47. List the prime factors of b(-4).
2, 137
Let x(r) = 11*r - 30. Let n(u) = 5*u - 15. Let c(o) = 9*n(o) - 4*x(o). Let s be c(9). List the prime factors of (828/(-10))/(-3*s/(-45)).
3, 23
Let v(d) = 2*d**2 + 114*d - 183. What are the prime factors of v(31)?
5273
Let y = 2 - -2. What are the prime factors of (0/y)/2 - (3 + -1256)?
7, 179
Suppose 105*w - 4033602 = -611547. What are the prime factors of w?
13, 23, 109
Let h be -4 + 12*-4*2/(-16). Suppose 3*l + h = 5. What are the prime factors of (l + (-2 - -22))*33/9?
7, 11
Suppose -7*h + 13 = -10*h - y, -4*y = -8. What are the prime factors of ((-9)/h)/(89/54290)?
2, 3, 61
Suppose -4*l + 5*k = 25, 0 = l - 2*k + 8 + 2. Suppose l = 5*h - 8*h + 6. Suppose -3*u - 39 - 136 = -2*c, -h*c + 185 = -5*u. List the prime factors of c.
2, 5
Suppose 5*b - 7 - 18 = 0. Suppose -b = 6*g - 35. Let o(a) = 2*a**3 - 7*a**2 + 3*a - 4. List the prime factors of o(g).
2, 43
Let p(c) = 283*c**2 + 6*c - 17. What are the prime factors of p(5)?
2, 443
Let v(n) be the first derivative of -95*n**2 - 128*n + 110. List the prime factors of v(-5).
2, 3, 137
Let a(o) be the third derivative of o**5/30 + 5*o**4/6 - 28*o**3/3 + 163*o**2. List the prime factors of a(-26).
2, 97
Let b(i) = -8*i**2 + 2*i - 15. Let l be b(4). Let o = -117 - l. List the prime factors of o.
2, 3
Let b(v) = v**2 + 11*v + 5. Let j be b(-11). Suppose 0 = -n + 2*n - j. Suppose n*q + 0*q = 15. List the prime factors of q.
3
Let v(x) be the third derivative of -x**6/144 + 5*x**5/24 - x**4/12 - 31*x**2. Let c(h) be the second derivative of v(h). What are the prime factors of c(-11)?
2, 5
Suppose 0 = -d + y - 3*y - 727, 2*d + 3*y + 1455 = 0. Let t = d + 1574. What are the prime factors of t?
5, 13
Suppose -23 = -3*s + 1. Suppose -2*d + s + 6 = 0. Let u(n) = -4*n + 33. List the prime factors of u(d).
5
Let c = 245 - 188. Suppose -2502 = -c*s + 51*s. What are the prime factors of s?
3, 139
Let h be (-1)/((-6)/30) - (3 - 1). Suppose h*o + 206 = 1046. List the prime factors of o.
2, 5, 7
Let y be 1*2*27/(-54). List the prime factors of 52/(-13) - 323/y.
11, 29
Let b = 450 - -5623. What are the prime factors of b?
6073
Suppose -39*i + 90*i = 437223. What are the prime factors of i?
8573
Let f(u) = u**2 + u - 12. Let l be 30/(-40) + -1 + 27/4. Suppose 0*a = l*a + 50. List the prime factors of f(a).
2, 3, 13
Let q(k) = -8*k - 22. Let n = 96 - 99. Let m be q(n). List the prime factors of m - 0 - (6 - (71 - 6)).
61
Let b(d) = 24*d**2 - d + 5. Let g be b(2). Let y = -97 + g. What are the prime factors of 1/1 + y - 524/(-4)?
2, 67
List the prime factors of -788*((-13)/((-156)/(-8)))/(4/3).
2, 197
Let b(y) = -20*y - 64. Let x be b(-2). Let o = x + 496. What are the prime factors of o?
2, 59
List the prime factors of (1 - 615/(-60))/((-12)/(-25184)).
2, 3, 5, 787
Let g = 4045 + -2817. Suppose 32*j - 1192 = -4*r + 36*j, -5*j + g = 4*r. What are the prime factors of r?
2, 151
Let v = 6 + -6. Suppose a + 3*a - 4*s - 436 = v, s + 565 = 5*a. List the prime factors of a.
2, 3, 19
Suppose -3*c + 5763 = 3*j, 5*j - 9967 + 350 = -c. What are the prime factors of j?
2, 13, 37
Let u = -120 + 122. Let m be (16/(-4) - -6) + u. Suppose 4*l + 383 = -h + m*h, 0 = -3*h + 3*l + 387. List the prime factors of h.
7, 19
Let p(y) = -4*y**2 + 11*y + 35. Let h be p(-10). Let k = 746 + h. List the prime factors of k.
271
Let x be 32*(-4 + 44/(-8)). Let u = -42 - x. Suppose 4*m - c = -5*c + 1032, m - 3*c - u = 0. List the prime factors of m.
7, 37
Let c(v) = -41*v + 3. Let g be c(-1). Let a = -41 + g. Suppose a*x + 2*x = 315. What are the prime factors of x?
3, 7
Let t = -1441 - -7405. What are the prime factors of t?
2, 3, 7, 71
Let m be (-2)/8 - 397/(-4). Let t = 23 + -24. What are the prime factors of -2 - (0 + (t - m))?
2, 7
Let w be 6*(-1*5/10 + 1). Suppose -2*p + 3295 = w*p. List the prime factors of p.
659
Let f(h) = -h**3 + 13*h**2 + 11*h - 30. Let w be f(12). Let u = 187 + w. What are the prime factors of u?
433
List the prime factors of (-1052504)/(-102) + 28/12 + -2.
17, 607
Let r(p) = p**3 + 22*p**2 + 13*p + 48. Let g be r(-11). Let o = g - -272. What are the prime factors of o?
2, 13, 29
Suppose 472*v - 5080954 = 8164310. List the prime factors of v.
2, 3, 1559
Let g = 305 - 280. Suppose -g = -5*i, -x + 3*i - i + 573 = 0. What are the prime factors of x?
11, 53
List the prime factors of 3/(-30) - ((-7698716)/360 - (-76)/342).
5, 7, 13, 47
Suppose -4*m = i - 1036, m - 4*i + 1295 = 6*m. Suppose -m = -5*w - 3*n, -4*n = -5*w - 8*n + 257. Let f = w + -18. What are the prime factors of f?
5, 7
Let o(j) = 11*j - 17 - 37*j + 11*j**2 - 10*j**2 - 1. What are the prime factors of o(-7)?
3, 71
Let i(k) = 2*k**2 - 63*k + 58. Let j(w) = w**2 - 21*w + 19. Let d(l) = -2*i(l) + 7*j(l). List the prime factors of d(-10).
17, 31
Suppose -9 - 107 = -v. Suppose -3*i + 5*i - v = 0. Suppose j = -h + i, 4*h = -h. List the prime factors of j.
2, 29
Suppose -5*q + 10*q + 57 = 4*g, -5*g - 10 = 0. List the prime factors of ((-828)/15)/(q/65).
2, 3, 23
Let h = 397 - 871. Let r = h - -564. What are the prime factors of r?
2, 3, 5
Let v(l) = -14 + 15*l - 2*l + l. Let p be 10 + 1 + 5/(-2) + (-27)/54. List the prime factors of v(p).
2, 7
Let v = -371 + 368. What are the prime factors of (1 + v + 1)*(-1 + -310)?
311
Suppose 4*a = 570 - 206. Let l = 224 - a. Let t = 238 - l. What are the prime factors of t?
3, 5, 7
Let v(q) = q**2 + 24*q + 25. Let f be v(-23). Suppose -2*m + 1278 + 123 = 3*l, m - 683 = f*l. List the prime factors of m.
3, 7, 11
Let p = -2331 - -4176. What are the prime factors of p?
3, 5, 41
Let y(o) = -24*o - 7. Let b(h) be the first derivative of 47*h**2/2 + 15*h - 7. Let g(j) = -6*b(j) - 13*y(j). What are the prime factors of g(2)?
61
Let z = 4972 + -1732. What are the prime factors of (z/7)/3 + (-26)/91?
2, 7, 11
Let f(i) = -4999*i - 178. What are the prime factors of f(-1)?
3, 1607
Suppose -9*w + 11*w - 4 = 0. Suppose 0 = -w*s + 1 + 5. List the prime factors of ((-153)/(-15) + -1)/(s/30).
2, 23
Let p(q) = q**3 + 16*q**2 + 3. Let l be p(-16). Suppose -454 = -5*c + 2*t, -2*t + l*t = 3*c - 272. What are the prime factors of c?
2, 3, 5
Suppose -29*q + 1477000 = -916631. List the prime factors of q.
3, 1019
Let j be (0 - (1026/(-3))/3) + -4. Suppose 100 - j = -2*m. List the prime factors of (22 - (m + -3))*(-6)/(-5).
2, 3
Suppose 0 = -5733*k + 5676*k + 2259309. What are the prime factors of k?
13, 3049
Let o(f) = -790*f - 1574. List the prime factors of o(-43).
2, 7, 13, 89
Suppose -21*l - 3*u - 60398 = -28*l, -5*l + u = -43138. What are the prime factors of l?
8627
Suppose 6*x - 695 = 13693. Suppose -474 = -h - 5*a, 12*h + 3*a + x = 17*h. List the prime factors of h.
479
Suppose -1737*t + 1709*t = -229404. List the prime factors of t.
3, 2731
What are the prime factors of 3 + (212405/4 - (675/60 - 10))?
3, 31, 571
Let n(r) = -3017*r - 2083. List the prime factors of n(-5).
2, 3, 11, 197
Suppose 0 = -14*n + 10*n + 120. Let m be (48/n)/(8/20). Suppose -m*z = 3*d - 47, -2*d + 4*z + 31 = d. List the prime factors of d.
13
Suppose -4282 = -2*x - 10*v + 16*v, -5*x + 10672 = -4*v. What are the prim